*t. What is the remainder when t is divided by 30?
0
Suppose 331 = 9*b - 524. What is the remainder when b is divided by 3?
2
Let c = 23 + 19. Calculate the remainder when 246 is divided by c.
36
Suppose 0*y + 2*y = 0. Let i be 36/1 + y/(-1). Let h = 50 - i. Calculate the remainder when 39 is divided by h.
11
Suppose 0 = 5*w - 121 - 174. Let v = 175 - 163. What is the remainder when w is divided by v?
11
Suppose 116 = i - 4*n, -3*n + 7*n = 2*i - 248. Suppose -i = 13*z - 509. What is the remainder when 54 is divided by z?
25
Suppose 3*p = -4*z - p + 100, 68 = 4*z - 4*p. What is the remainder when 41 is divided by z?
20
Suppose 7*r = -9*r + 208. What is the remainder when r is divided by 3?
1
Suppose 5*f + 24 = 3*f. Suppose -u + 6 = -10. Calculate the remainder when (8/f)/(185/93 - 2) is divided by u.
14
Suppose -2*s - 22 = z - 5*z, 0 = 3*z + 2*s - 6. Calculate the remainder when 10*(-15)/(-6) + z is divided by 7.
1
Let q be 2/10 + 1/(-5). Let j be 2*(3/3 - q). Suppose 3*m + m = 2*h - 22, j*m + 8 = -2*h. What is the remainder when 3 is divided by h?
0
Suppose -7*d = 693 - 805. Calculate the remainder when (21/2)/(1/6) is divided by d.
15
Let i(t) = 7*t - 19. Let j be i(3). Suppose 2*n - 56 = -2*a, -5*n + j*a = a - 146. What is the remainder when n is divided by 16?
13
Suppose 95*l - 109*l = -1372. What is the remainder when l is divided by 51?
47
Let z = -1 + 6. Suppose 3*l = 3*y - 36, -3*y + z*y - 12 = -l. Let v = 405 + -382. What is the remainder when v is divided by y?
7
Let z = -59 - -136. Calculate the remainder when z is divided by 42.
35
Let r be (1 - -1)*(-6)/(-4). Let v be (40/(-30))/((-2)/r). Suppose -77 + v = -5*w. Calculate the remainder when w is divided by 8.
7
Let z(f) = 8*f. Suppose 0 = -w - 5, 5*u + 2*w - 400 = 6*w. What is the remainder when u is divided by z(2)?
12
Suppose -19*i = -1256 - 1100. Calculate the remainder when i is divided by 56.
12
Let m(u) = -112*u - 316. Let o = 41 - 29. Calculate the remainder when m(-3) is divided by o.
8
Let p = -328 - -453. What is the remainder when p is divided by 42?
41
Suppose 15*n - 10*n - 190 = 0. Suppose -3*b + 13 = -n. What is the remainder when 32 is divided by b?
15
Suppose 3*p + f - 665 = 0, -52*f + 436 = 2*p - 55*f. Calculate the remainder when p is divided by 23.
14
Suppose 6*k + 41 = 95. What is the remainder when 1 + 93/(12/4) is divided by k?
5
Suppose y = 39 + 51. Suppose 8*u - y = -2*u. What is the remainder when 8/((-1)/2 + 1) is divided by u?
7
Let o(l) = 6*l - 14. Let b(f) = -7*f + 14. Let a(r) = 4*b(r) + 5*o(r). What is the remainder when 12 is divided by a(8)?
0
Suppose 5*o + 3*k = 658 - 79, -2*o + 3*k = -219. Suppose 4*p - 58 = o. Let w = p - -3. Calculate the remainder when w is divided by 16.
14
Suppose 61*w = 62*w - 31. Calculate the remainder when 76 is divided by w.
14
Suppose 0 = -5*q - 5*c + 480, 4*q - c - 204 - 205 = 0. What is the remainder when q is divided by 52?
49
Let l = 326 + -312. What is the remainder when 30 is divided by l?
2
Let g = 38 - 46. Suppose -3*j - 9 = -33. What is the remainder when j is divided by (-65)/(-15) + g/6?
2
Suppose 8*y - 105 = 3*y. Let k = y - -14. What is the remainder when (-517)/(-5) - (-12)/(-30) is divided by k?
33
Suppose y - 27 = -2*y. Suppose y = -j + 99. Calculate the remainder when j is divided by 23.
21
Let a = -284 - -332. Calculate the remainder when 331 is divided by a.
43
Suppose 0 = 2*v + 2*i - 6, 5 = -8*v + 9*v - i. Suppose 2*t + 44 = v*t. Calculate the remainder when t is divided by 13.
9
Let r be ((-9)/(-15))/((-2)/(-10)). Suppose -x - 2*d + r*d = -7, x = -2*d - 2. Suppose x = -0*t + t. What is the remainder when 15 is divided by t?
3
Suppose 0 = -5*l - 5*h + 420, 2*h + 348 + 58 = 5*l. Suppose -4*d + l = -2*d + 3*i, 2*i = -d + 40. Calculate the remainder when 128 is divided by d.
40
Suppose 0 = 2*q - g + 151, 3*q - 3*g + 63 = 2*q. Let b = 98 + q. What is the remainder when 57 is divided by b?
17
Let u(d) = -d**3 - 43*d**2 + 43*d - 21. What is the remainder when 86 is divided by u(-44)?
17
Suppose 8*t = 3*t + 10, w - 5*t - 3 = 0. Suppose -20*z = -2*z - 144. Calculate the remainder when w is divided by z.
5
Let b(y) = -y**3 + 8*y**2 + 4*y - 12. Let w be (-8 + 6)*1*(-8)/2. What is the remainder when 70 is divided by b(w)?
10
Let h be (6/(-8))/((-2)/320). Suppose -h = -21*t + 17*t. Calculate the remainder when t is divided by 11.
8
What is the remainder when 186 is divided by 11/(66/168) + -3?
11
Calculate the remainder when -4 - ((-49)/(-7) + -122) is divided by 17.
9
Let k(f) = -2*f**2 - 19*f + 14. Let i be k(-9). Suppose -24*w = -25*w + i. What is the remainder when w is divided by 13?
10
Let d = -10 - -63. Suppose 7*g = 20*g - 143. What is the remainder when d is divided by g?
9
Suppose 32 = o - s, -10*o - 4*s = -6*o - 80. Suppose -7 = 4*i - 627. Calculate the remainder when i is divided by o.
25
Let f = 1283 - 690. What is the remainder when f is divided by 27?
26
Let t(d) = -d**2 + 9*d - 2. Let i = 20312 + -20139. Calculate the remainder when i is divided by t(6).
13
Suppose -115*j + 110*j + 490 = 0. What is the remainder when 1958 is divided by j?
96
Suppose 0 = t + p - 4, 4*p = -t + 1 - 0. Suppose 6*a - t*a = 15. Calculate the remainder when 53 is divided by a.
8
Let w(u) be the third derivative of u**4/12 + 29*u**3/6 - 12*u**2. Suppose 3*f - 2 = 19. Calculate the remainder when f is divided by w(-13).
1
Let u(g) = 17*g**2 + 1. Let b(y) = -y**3 - 9*y**2 + 10*y + 45. What is the remainder when b(-10) is divided by u(1)?
9
Calculate the remainder when ((-16)/(-10))/((-3)/(-135)) is divided by 25.
22
Let m(q) be the third derivative of -q**5/60 + q**4/24 + 3*q**3 - 45*q**2. What is the remainder when m(3) is divided by 3?
0
Let m(d) = -5*d + 212. Let w = 53 - 23. What is the remainder when w is divided by m(40)?
6
Let b be -5 - (-4 + -4 - 1). Calculate the remainder when ((-143)/44)/((-1)/b) is divided by 1 - (0 - (4 - 1)).
1
Let y = -3 - -10. Let f = -2317 + 2330. What is the remainder when f is divided by y?
6
Let t = 16 + -19. Let b be (-185)/(-25) - t/5. Let a = -4 + b. Calculate the remainder when 10 is divided by a.
2
Calculate the remainder when (-2)/(-12)*-4 - 21340/(-33) is divided by 4.
2
Let a be 3*(3 - (-2)/(-3)). Let x = -2 + a. Suppose -2*l = -0*l - 5*u - 41, -3*l + 57 = -3*u. Calculate the remainder when l is divided by x.
3
Let d = -427 + 470. Suppose 5*o = g + 59, -6*o - 5*g = -3*o - 13. Calculate the remainder when d is divided by o.
10
Let t be 10*2*(-10)/(-4). Suppose 6*p - p = t. Let i(w) = w**2 - 9*w + 11. Calculate the remainder when 82 is divided by i(p).
19
Let h(o) = -o**3 + 20*o**2 - 86*o + 75. Suppose -4*i + 3*i - 76 = -5*b, -3*b + 56 = 2*i. Calculate the remainder when h(14) is divided by b.
15
Calculate the remainder when 137 is divided by -13*(-8 + 1176/156).
5
Let y(q) = -q**2 + 8*q - 2. Let j be y(4). Let g = -31 - -60. Calculate the remainder when 2*58 + (j - 16) is divided by g.
27
What is the remainder when 0 + 514 + (1 - 1)/4 is divided by 74?
70
Calculate the remainder when 15 is divided by (15/6)/((-5)/(-10)).
0
Let y = 3 - 3. Suppose -2*v = b - 4*v - 7, y = -4*b + 2*v + 16. Suppose 7*l - 43 = 6. Calculate the remainder when l is divided by b.
1
Let d = 100 - 79. Calculate the remainder when d is divided by (0 + (-2)/(-4))*(34 - 28).
0
Let f(z) = 8 + 6*z - 7*z + z**2 + 0*z. What is the remainder when (16 + -2)*(0 - -1) is divided by f(0)?
6
Suppose -2*j = j - 60. Suppose 3*v + j = 7*v. Suppose -4 = -6*p + v*p. What is the remainder when p is divided by 1?
0
Let j(s) = -31*s + 18. Calculate the remainder when j(-11) is divided by 33.
29
Let f(p) = -p**3 - 5*p**2 - 17*p - 47. Calculate the remainder when f(-6) is divided by 19.
15
Suppose -5*v + 24 = 2*p, -3*v = -4*v - p + 6. What is the remainder when ((-3)/6 - -4)/(-1)*-2 is divided by v?
3
Let l(x) be the second derivative of -x**3/2 + x**2 - 2*x. Let z be ((-8)/(-10))/((-6)/75). Calculate the remainder when l(z) is divided by 17.
15
Let r = 15 - 14. Let z = 10 - r. What is the remainder when 24 is divided by z?
6
Let z = 17 + -8. Let u = z - 4. Suppose -55 = -2*a + 3*s, u*a - 3*s - 84 - 31 = 0. Calculate the remainder when a is divided by 11.
9
Let n = 1033 - 1002. Suppose 2*l - 5*l + 48 = 0. What is the remaind